4.
-13
Evaluate 0 - -1 - (-5 + -5 + (1 - -23)).
-13
What is the value of (35 - 16) + 1 + -32?
-12
3 + (23 - 21) + (-1 - -11)
15
What is 9 - -2 - (-5 - -29)?
-13
Calculate -1 + 3 + 3 + 4 + 8 + -16.
1
Evaluate 109 + -112 - ((-6 - -5) + -17).
15
What is the value of 8 + (-20 - -3) + 9?
0
What is 9 + (-1 - -13) - 11?
10
What is the value of -8 - (17 + -2 + 75 + -125)?
27
What is the value of 1 - 0 - (-11 + -3) - (17 - 9)?
7
Evaluate 2 + -1 + (22 + (-6 - 23) - -19).
13
Calculate (13 + -2 - (71 + -64)) + -9.
-5
3 + 15 + 0 + (-64 - -57)
11
-39 - (-19 - (-7 - -10))
-17
What is the value of -6 + (0 - -2) - (-12 + 10 + 7)?
-9
-1 + (-11 - -20) + 0 - 6
2
Calculate (19 - (-1 - -10) - 3) + 1 + -2.
6
Calculate -3 - 2 - (-4 + 2 + (-11 - -6)).
2
-11 + (44 - (28 - 6))
11
What is 29 + (-29 + -11 - -3)?
-8
-8 - ((2 - -2) + 11 + -6)
-17
Evaluate 10 + 8 + -10 + 8.
16
What is 9 - (15 + 1 + -16 - (-15 - -1))?
-5
What is the value of -33 - (-41 - -2 - -24)?
-18
What is the value of 14 + 4 + -18 + 2 + 4 + 3?
9
What is 32 + -31 + (3 - 15) + -3?
-14
Calculate (-6 - 6) + -12 + 20 + -5.
-9
Calculate -3 + (-6 - (-4 + (-4 - (6 - 7)))).
-2
Evaluate 290 + -303 - (6 - (2 - -1)).
-16
Calculate -11 + 21 - 36 - -3.
-23
What is -38 + 20 + 37 + -3?
16
What is 0 - (-8 + (-18 - 0 - -18))?
8
Calculate 27 + (-6 + 14 - 4) - (-5 + 14).
22
Calculate -10 - (10 - (1 + 15) - 24).
20
What is the value of 20 - 8 - -12 - 9?
15
Calculate (1 - (-1 + 2)) + (21 - (21 - -16)).
-16
What is the value of 3 + 1 - (1 - (0 - -2) - 4)?
9
Calculate 20 + 11 + (-12 - 9 - -10).
20
What is (17 + -13 - -1) + -23?
-18
What is the value of -1 + (-8 + 0 - 3)?
-12
-5 - (7 - 19 - -11 - (1 - 5))
-8
Evaluate 8 + (-8 - -6) + 1 - 12.
-5
Evaluate (-8 + 7 - 3) + -1 + (1 - -13).
9
Calculate 0 + -8 - ((-4 - -4) + 1).
-9
Calculate -1 + -6 + 9 + 9 + -4 + -7.
0
Calculate -1 + -3 - (-3 + 3 + 0).
-4
What is 0 + (13 + -3 - -3) + 0 + -1?
12
0 + -19 + 30 - 13 - (-10 + 2)
6
Evaluate (13 - (14 + -10 + 16)) + (-1 - 12).
-20
Calculate -16 - (-23 + -5 - -7).
5
What is the value of -13 + -13 + 6 + 11?
-9
Evaluate (-8 - -14 - 19) + (0 + -1 - -4).
-10
Evaluate 0 + 8 + (7 - (-6 - -11)).
10
9 - (26 - (30 + -25))
-12
What is the value of -3 + (10 - (-5 - (1 + -4 + -6)))?
3
Evaluate 5 + (-4 - -3) + -1 - 13 - -7.
-3
What is the value of (6 - (-1 + 1 - 0)) + 0?
6
-13 - (16 + -4 - 2 - 22)
-1
What is the value of -4 + (-3 - 0 - -3) + (48 - 45)?
-1
Calculate -12 + 26 - 3 - (3 - 2).
10
Calculate -6 - (-1 - -11) - -7.
-9
Calculate 2 + (6 - -2) + 1592 + -1579.
23
-2 + (6 - (-1 + 0)) + -74 + 62
-7
Calculate 3 - -3 - (205 - 181).
-18
What is the value of (14 - -2) + (1 - 19) + 12?
10
Calculate 31 + 14 + -78 + 24.
-9
Evaluate (8 - 19) + 7 + -1 + -7 + -4.
-16
Evaluate (1 - 18 - ((10 - 5) + -10)) + 2.
-10
Evaluate (53 - 59) + (-14 - (6 + -3 + -2)).
-21
(12 - 20) + 22 - 9
5
Calculate (20 - (-2 + -2 + -5 - -7)) + -5.
17
What is -9 + (-3 - -21) + (0 + 0 - 1)?
8
What is (-2 - -6) + -15 + 26?
15
-14 - (12 + -17 + -3 + 5)
-11
What is the value of 13 + (-15 - (17 - 32)) + (-3 - 0)?
10
Evaluate (-53 - (30 + -68)) + 3 + 48.
36
What is 49 - (54 - (10 - -16))?
21
What is the value of (-4 - (11 + (-7 - -4))) + 7?
-5
18 + 0 + (-6 - (11 - 5)) + 10
16
What is the value of -9 + 18 - (-22 - -33)?
-2
What is the value of -2 - (23 - ((17 - 15) + 7))?
-16
What is the value of -7 + -7 + (-2 - -7)?
-9
What is the value of -13 + 0 + 7 + 9 + -1 + 1?
3
What is (-7 - -21) + 0 - 3?
11
Evaluate -20 - ((-1 - (0 + -6 + 0)) + -11).
-14
Evaluate 3 + (-32 - -39) - 17.
-7
What is the value of -21 - (1 + -13 + -26)?
17
Evaluate 9 + (-16 + 9 + 0 - -5) + -17.
-10
Calculate -9 + (2 - (28 + -27)).
-8
Calculate (0 + (12 - 2) - -5) + 12 + -8.
19
5 + (-11 - -5) + 2 + 0
1
What is -4 - -17 - 1 - (3 + (-1 - 3))?
13
What is the value of 19 - (-7 + 15 + (-1 - 5))?
17
Evaluate (-43 - -38) + (-9 + -5 + 1 - -6).
-12
Calculate (38 - 42) + (4 - (-20 - 3)).
23
What is the value of -15 + 1 - (-94 + 79)?
1
8 + -15 + -7 + (4 - (-5 - -7))
-12
What is -6 + (12 - (-6 - -19))?
-7
Evaluate -1571 - -1534 - (2 + 0).
-39
What is 2 - 5 - (1 + -8) - (5 - 0)?
-1
(4 - -20) + -1 + -25
-2
1 - (-6 - (0 + (-6 - -2)) - -1)
2
Calculate 2 + (-9 - (15 - (19 - 10) - -5)).
-18
What is the value of -18 + 8 + 20 + 17?
27
What is (-20 - 0) + (-197 - -233)?
16
What is the value of (7 - 4 - 12 - (-1 - 2)) + 7?
1
-17 + 5 + (1 - 14) + 1
-24
Calculate -19 + 42 + -27 + (-8 - 0).
-12
Evaluate -5 + -1 - (-73 - -60) - (1 - -6).
0
Calculate -6 - ((-8 - -2) + (7 - -4 - 11)).
0
Evaluate -347 - -352 - (5 - 9).
9
What is (23 - -11) + -7 + 4 + 2?
33
23 + -5 - -5 - (-17 + 7 + 4)
29
(13 - 1 - -11) + -10
13
(-20 - -11) + 2 - (1 + -22 - 1)
15
-13 + 1 - (-98 + 85)
1
Evaluate (20 - 10) + 2 + 1 + -1.
12
-4 - (3 + -2 + 2 - (11 + 1))
5
What is 2 + -4 + (-19 - -15) + 9?
3
What is 13 + 18 + (18 - 30) + -10 + 1?
10
What is 4 - (11 + -7) - ((-2 - 3) + 0)?
5
What is the value of 1 + 4 - (3 + -5) - (142 + -110)?
-25
Evaluate -37 - (-6 - (8 - (23 + -8))) - -11.
-27
-222 + 208 + -4 + (-3 - -3)
-18
What is the value of -3 + 18 + (6 - 25) + 15?
11
Calculate -33 + 19 - (-15 - -5 - 1).
-3
Calculate 25 + (-28 - 22) - (-2 + 2 + -6).
-19
What is the value of (11 - ((8 - 2) + 18)) + 12?
-1
15 + -33 + 5 + -10
-23
What is the value of 25 + 17 + -16 + 7 + -6?
27
What is (-5 - (17 + -6)) + 16?
0
Calculate 17 + 0 + -14 - (4 - 3).
2
What is the value of 14 + -15 - (26 + 1 + (-2 - 4))?
-22
Evaluate 6 - (-12 + 2) - (12 + -2).
6
-1 + 2 - (-254 - -268)
-13
What is the value of -9 - (-3 + 6 + -17 + 12)?
-7
1 + 2 - (3 - 3)
3
Calculate 49 + -17 - 22 - 0.
10
1 - (2 + -1) - (-172 + 174)
-2
Calculate -11 + (-6 - -13) - (-3 + (-1 - 1)).
1
(-328 - -320) + (3 - 0 - (-1 + 0))
-4
22 - 12 - -5 - 4
11
Evaluate 0 + 17 + (-8 - 25 - -49).
33
Evaluate 10 + -31 + -1 + 102 + -94 + -9.
-23
What is the value of 1 - -1 - (-18 + (-40 - -55))?
5
Evaluate ((5 - -3) + -6 - 2) + 6 - -5.
11
Calculate (9 - (21 + -15 + 2)) + (5 - 0).
6
Calculate -70 - -61 - (2 + -11).
0
Calculate (29 - 11) + -8 + 5.
15
What is (-2 - -1) + -425 + 427?
1
Calculate 32 + -50 - ((-3 - 1) + 1).
-15
5 + (12 - 8) + -4
5
What is the value of 16 + -28 + -12 + 13?
-11
What is the value of -2 - (40 + (-34 - -20))?
-28
What is (-17 - (-27 + 12)) + -10?
-12
-6 - (-34 + 10) - (28 - 17)
7
What is the value of -4 + -27 + 2 + 14?
-15
Evaluate 5 + -1 + (15 - 7 - 3 - 8).
1
0 - -33 - (-10 + 26 - 13)
30
Calculate 18 + (1 + 2 - (25 + -10)) + 10.
16
What is the value of (83 - 76) + (0 - 0) - 28?
-21
What is 0 + -14 - (-19 - 13 - -30)?
-12
Calculate -3 + -3 + 8 + (17 - 0).
19
Evaluate (45 - 24) + -20 - -5.
6
Calculate -32 - (0 + -2 + (42 - 54)).
-18
What is the value of -10 - (-13 + (-8 - -10 - -5))?
-4
Calculate (10 - 52) + 10 - (8 - 14).
-26
Calculate -9 + -1 + (-5 - (-5 - 9) - 0).
-1
What is the value of -10 + 1 + -6 + 20 + (-3 - 0)?
2
What is 0 + 11 + -3 + -9 + -9?
-10
Calculate -4 - (1 - -2 - (-71 + 81)).
3
26 - (-28 + (52 - 15))
17
Calculate -2 - 10 - (91 - 103).
0
Evaluate -8 - (11 + -10 - 7).
-2
15 + -7 + (5 - 8 - -6)
11
What is the value of -10 - (1 - 1 - (12 + (-12 - -6)))?
-4
Evaluate 18 - (17 - (1 + 5)).
7
-6 + (3 - 6) - (34 + -24)
-19
What is -14 + 5 + (-1 + -1 - -29)?
18
What is 4 + -31 + 59 - 58?
-26
What is the value of 6 + -5 + -28 + 15?
-12
Evaluate -2 - (-3 + (-1 - 12) + (-2 - 5)).
21
Calculate 1 + 1 + 0 + 5 + (-78 - -94).
23
What is (-1 - 8) + (121 - 110) - 22?
-20
-12 + 1 + 1 + 14 - (-1 - 6)
11
What is (18 - 0) + -76 + 47?
-11
What is the value of 2 - (-9 - (2 - -12))?
25
What is (-15 - (-4 + (10 - -8))) + 5?
-24
Evaluate 28 + -48 + 22 - (2 - -1) - -33.
32
Calculate 21 + 26 + (-26 - 10).
11
Calculate 8 - (-20 - -16) - (1 + 30).
-19
What is 18 + (14 - (0 + 9 - 4))?
27
11 - 4 - (-19 + 14) - -7
19
Calculate -19 + 30 - (-1 + 25).
-13
Evaluate 14 - (19 + -31 + (3 - -24)).
-1
What is the value of (19 - -26) + (-3 - -1 - 12)?
31
Calculate -18 + 5 + -7 + 16.
-4
What is 26 + (63 - 55 - (12 - 5))?
27
What is -13 + (-11 + (9 - 8) - -36)?
13
Evaluate 35 - -1 - (234 + -215).
17
26 + -71 + 11 - -40
6
-14 - 2 - (3 - 12 - -11)
-18
Calculate (61 - 49 - (1 + 23)) + (-18 - 7).
-37
Calculate -66 + 15 - -11 - (-14 + (-7 - -12)).
-31
Evaluate 15 - (-7 - (-5 - ((7 - 1) + -12))).
23
What is the value of (8 + -2 - (3 + -5 - -14)) + 3?
-3
What is the value 